2300111231 - -2?
-1012300111223
In base 13, what is -380c + 1054?
-2788
In base 4, what is -210020332320 - -10?
-210020332310
In base 2, what is 1100111100100011011 + -100000?
1100111100011111011
In base 12, what is 0 - 563a46?
-563a46
In base 13, what is 48 - 4c80a?
-4c792
In base 8, what is -4 + 407430423?
407430417
In base 9, what is 117 + 537054?
537172
In base 2, what is -100010 + -111001111110010010?
-111001111110110100
In base 5, what is 121 - 11014231?
-11014110
In base 8, what is 520333761 - -4?
520333765
In base 8, what is 1261201 + 10?
1261211
In base 9, what is -147 - 617777?
-618035
In base 10, what is -298731 - -25?
-298706
In base 10, what is 16 - 794694?
-794678
In base 7, what is 0 + -4502126?
-4502126
In base 2, what is 111100001110011100111111 + 10?
111100001110011101000001
In base 11, what is 12735651 + 2?
12735653
In base 7, what is 4146350 + -5?
4146342
In base 9, what is 0 - 417536?
-417536
In base 10, what is 39481381 + 2?
39481383
In base 15, what is 6587b + 2?
6587d
In base 4, what is 30000110133032 - 3?
30000110133023
In base 5, what is 110 - -22340313?
22340423
In base 15, what is -5 + -7e7d13?
-7e7d18
In base 9, what is 11867 - 4655?
6212
In base 2, what is 10 - 10011110000010000110100?
-10011110000010000110010
In base 13, what is 242179b + 41?
242180c
In base 13, what is 0 + 413382?
413382
In base 11, what is 43a64a + -12?
43a638
In base 2, what is 10101010100 + 1100100111?
100001111011
In base 6, what is 1 + -14001005454?
-14001005453
In base 7, what is -4265000131 - -6?
-4265000122
In base 4, what is 12 - 1123021333012?
-1123021333000
In base 2, what is 1010000010110101111001001100 + -100?
1010000010110101111001001000
In base 5, what is 1411341 + -212321?
1144020
In base 10, what is 5 + -216356934?
-216356929
In base 8, what is -13641 - -1273?
-12346
In base 4, what is -323002 - -1011?
-321331
In base 8, what is -1426 - 5466?
-7114
In base 15, what is -771e - -2997?
-4c77
In base 9, what is -3 + -15474286?
-15474300
In base 6, what is -1132 + 52014121?
52012545
In base 11, what is 1874261 + -4?
1874258
In base 14, what is -721ca + 37?
-72193
In base 10, what is -1103009 + 28?
-1102981
In base 13, what is 2aa15 - 3c8?
2a61a
In base 4, what is 2 + -13113300100330?
-13113300100322
In base 3, what is 210210001211220 + 12?
210210001212002
In base 6, what is 4143100022 + -5?
4143100013
In base 10, what is 1356495 - 12?
1356483
In base 9, what is 2074 - 37347?
-35263
In base 16, what is -1 - -148b912?
148b911
In base 10, what is 3 + 3317536?
3317539
In base 11, what is -39391 - -1a2?
-3919a
In base 5, what is -10 - 1023303030221?
-1023303030231
In base 12, what is -300a8519 + -2?
-300a851b
In base 14, what is 624c + 9?
6257
In base 3, what is 11001 - -22111122102122?
22111122120200
In base 14, what is 25b7d0 + -33?
25b79b
In base 6, what is 53120 - -10205?
103325
In base 4, what is 22 - 3121021023?
-3121021001
In base 10, what is 3526839 - 30?
3526809
In base 11, what is 3a6 - -16546?
16941
In base 2, what is -100 + -10101001101011001101001010?
-10101001101011001101001110
In base 8, what is -11476120 - 2?
-11476122
In base 4, what is 31001031223 + 22?
31001031311
In base 11, what is -141349 + 72?
-141287
In base 14, what is 5926 - 14a6?
4460
In base 3, what is 201210121 + 10201100?
212111221
In base 9, what is -1203014128 + -4?
-1203014133
In base 6, what is 135001 - -3323?
142324
In base 11, what is 28a615 + 13?
28a628
In base 16, what is -a0 + 8fdaa?
8fd0a
In base 13, what is -c62b17 - -b2?
-c62a35
In base 11, what is -14 + -1a9542?
-1a9556
In base 10, what is -3649 - -444128?
440479
In base 11, what is -7 - 516672?
-516679
In base 12, what is 15934a7 + -a?
1593499
In base 4, what is 100122 + -20320012?
-20213230
In base 15, what is 23 + -126b0b?
-126ad8
In base 6, what is 1330100023 - 215?
1330055404
In base 12, what is 163207b - -113?
1632192
In base 16, what is -635 + 1e9?
-44c
In base 10, what is 3 + -5690312?
-5690309
In base 5, what is -1220 - 4244014?
-4300234
In base 5, what is -4114 - 320204441?
-320214110
In base 9, what is 480086621 - -3?
480086624
In base 6, what is 4340241 + -4?
4340233
In base 8, what is -44 + -675113?
-675157
In base 12, what is 21037 - -60?
21097
In base 10, what is 2557 + -1323?
1234
In base 13, what is 7a56 - 489?
759a
In base 15, what is 114414 - -14e?
114563
In base 10, what is -601672 + -24?
-601696
In base 9, what is 28550138 + 48?
28550187
In base 4, what is -11 + 3201302220?
3201302203
In base 7, what is 21 - -320513206?
320513230
In base 11, what is 91 + -1084a6?
-108415
In base 4, what is -210 + -12132322110?
-12132322320
In base 14, what is -4825d8 - -26?
-4825b2
In base 16, what is -3273afe + 8?
-3273af6
In base 4, what is 13221211 + 12321?
13300132
In base 5, what is -31242401 - 2034?
-31244440
In base 13, what is 2740571 + 4?
2740575
In base 8, what is 246 - -152144?
152412
In base 2, what is -10101 - -10000101010010010?
10000101001111101
In base 13, what is b8b35 + 3?
b8b38
In base 2, what is -10111000 - -1000100011001000?
1000100000010000
In base 13, what is 1822248 + -6?
1822242
In base 16, what is 9c1 + 2ba11?
2c3d2
In base 16, what is c8c + -e2?
baa
In base 10, what is -261331 + -190?
-261521
In base 7, what is -10123 - -42201?
32045
In base 10, what is -28520483 - -1?
-28520482
In base 2, what is 101100000 - 11011100011110101001?
-11011100011001001001
In base 12, what is 75 - 43b63b?
-43b586
In base 13, what is -20 - 36b904b?
-36b906b
In base 6, what is -1525002 + -14510?
-1543512
In base 8, what is 77 + 123771?
124070
In base 8, what is -103624755 + 5?
-103624750
In base 13, what is -78732 + -8?
-7873a
In base 9, what is -337037 + 1871?
-335056
In base 14, what is 2844 - 42?
2802
In base 8, what is 5367761 + 4?
5367765
In base 3, what is 10 + -20100020002121?
-20100020002111
In base 15, what is -5aab0ad - -3?
-5aab0aa
In base 8, what is 6524 - 37120?
-30374
In base 7, what is 1332125052 - -2?
1332125054
In base 5, what is 230002031 + 402?
230002433
In base 9, what is 56086 + 25871?
83067
In base 6, what is -21 - 121004?
-121025
In base 13, what is -90aa17 - -13?
-90aa04
In base 12, what is -24b + -8a1648?
-8a1897
In base 4, what is 31 - -2120113202112?
2120113202203
In base 8, what is 1542424 - 2643?
1537561
In base 5, what is -1311 + -21044302?
-21101113
In base 12, what is aaa8b4 - 3?
aaa8b1
In base 7, what is -20531 - 3616?
-24450
In base 3, what is -1200 + 1100000?
1021100
In base 12, what is 126714 - 11?
126703
In base 11, what is -5 + 60155a6?
60155a1
In base 8, what is 11221312 + -61?
11221231
In base 13, what is 2c + -169a380?
-169a351
In base 10, what is -13778 - -7278?
-6500
In base 10, what is 1714 - 28214?
-26500
In base 13, what is -18 - -159b69?
159b51
In base 15, what is 650 + dec4?
e624
In base 15, what is 5a1a - -492?
5eac
In base 16, what is -3 + -7a1eb6?
-7a1eb9
In base 7, what is 1132606310 - -14?
1132606324
In base 3, what is 121 - 2022020120?
-2022012222
In base 4, what is 3 - 230233130313?
-230233130310
In base 6, what is -4 + -22322153?
-22322201
In base 14, what is -1c6683 + bb?
-1c65a6
In base 11, what is 2 + -1a25558?
-1a25556
In base 15, what is 735 - 92ad?
-8a78
In base 16, what is -3 + 17ef0c?
17ef09
In base 16, what is -5575e5 - 44?
-557629
In base 7, what is 3512 + -102423?
-65611
In base 12, what is 266a117 + 30?
266a147
In base 6, what is 4 - -514113104?
514113112
In base 9, what is -58565084 + -21?
-58565115
In base 8, what is 271600 - 63?
271515
In base 11, what is 883009445 - 1?
883009444
In base 7, what is 255430 - 40?
255360
In base 13, what is 170c36 + 116?
17104c
In base 3, what is 12110020221202200 - 1?
12110020221202122
In base 9, what is -800617 - 31?
-800648
In base 7, what is -4 - 546465542?
-546465546
In base 16, what is -4 + -14b70593?
-14b70597
In base 10, what is -22406 + -77?
-22483
In base 12, what is -28 - 43755?
-43781
In base 15, what is -2cdddd + -17?
-2cde05
In base 7, what is -1104043351 + -4?
-1104043355
In base 12, what is 755199 - 2?
755197
In base 13, what is -4943 + -8ca1?
-10914
In base 12, what is a92 - 145a?
-588
In base 12, what is 194970 + -41?
19492b
In base 16, what is 69 - 54489?
-54420
In base 8, what is 6662 - 34031?
-25147
In base 6, what is -1352541 + 1031?
-1351510
In base 11, what is